ase 13) to base 14.
-1
What is -63 (base 9) in base 5?
-212
Convert 1 (base 9) to base 5.
1
3 (base 15) to base 12
3
-1 (base 14) to base 6
-1
What is 0 (base 10) in base 12?
0
Convert 66 (base 9) to base 8.
74
What is 23 (base 9) in base 5?
41
What is -2 (base 16) in base 13?
-2
What is -12 (base 9) in base 3?
-102
2 (base 3) to base 12
2
Convert -515 (base 6) to base 15.
-cb
-5 (base 13) to base 9
-5
Convert -1 (base 6) to base 9.
-1
18 (base 15) to base 9
25
-2 (base 3) to base 9
-2
-31 (base 5) to base 14
-12
43 (base 15) to base 5
223
What is 22 (base 9) in base 8?
24
1 (base 10) to base 6
1
2 (base 6) to base 12
2
31 (base 14) to base 9
47
Convert -4 (base 15) to base 13.
-4
What is 1110000 (base 2) in base 3?
11011
What is 210 (base 3) in base 9?
23
What is 110001 (base 2) in base 5?
144
Convert 40 (base 5) to base 14.
16
-5d (base 14) to base 15
-58
What is -3 (base 9) in base 11?
-3
142 (base 6) to base 5
222
Convert -10010000 (base 2) to base 13.
-b1
63 (base 9) to base 7
111
Convert 1020 (base 7) to base 13.
216
Convert -2 (base 12) to base 8.
-2
Convert -a (base 16) to base 7.
-13
What is f (base 16) in base 14?
11
-171 (base 11) to base 10
-199
-1211 (base 4) to base 16
-65
What is -53 (base 14) in base 7?
-133
What is -a (base 13) in base 14?
-a
What is 14 (base 13) in base 6?
25
Convert -10 (base 13) to base 14.
-d
What is -11 (base 14) in base 2?
-1111
30 (base 4) to base 8
14
Convert -1f (base 16) to base 10.
-31
Convert f8 (base 16) to base 10.
248
-13 (base 6) to base 12
-9
-10 (base 12) to base 8
-14
-6 (base 12) to base 9
-6
What is -15 (base 6) in base 2?
-1011
100 (base 2) to base 8
4
Convert -10 (base 2) to base 16.
-2
Convert 7 (base 8) to base 3.
21
Convert 35 (base 10) to base 8.
43
-46 (base 16) to base 15
-4a
What is -25 (base 9) in base 14?
-19
14 (base 12) to base 5
31
Convert -b (base 15) to base 10.
-11
-3 (base 6) to base 5
-3
Convert -152 (base 10) to base 11.
-129
What is 17 (base 14) in base 9?
23
1 (base 12) to base 5
1
What is 31 (base 11) in base 4?
202
11100 (base 2) to base 5
103
What is 0 (base 11) in base 3?
0
0 (base 3) to base 15
0
Convert 1 (base 6) to base 10.
1
Convert -10120 (base 3) to base 7.
-165
Convert 1100 (base 3) to base 8.
44
90 (base 12) to base 10
108
What is -14 (base 5) in base 6?
-13
Convert 0 (base 12) to base 4.
0
-79 (base 13) to base 9
-121
What is 42 (base 10) in base 11?
39
Convert 2 (base 11) to base 9.
2
2 (base 14) to base 9
2
What is -11311 (base 4) in base 12?
-271
What is 15 (base 10) in base 11?
14
115 (base 9) to base 10
95
-1a (base 12) to base 7
-31
What is 235 (base 6) in base 7?
164
-53 (base 11) to base 12
-4a
What is -89 (base 11) in base 10?
-97
Convert 2e (base 16) to base 15.
31
Convert 105 (base 10) to base 9.
126
1a9 (base 12) to base 14
157
-1 (base 16) to base 14
-1
Convert -2a (base 13) to base 8.
-44
23 (base 5) to base 15
d
43 (base 7) to base 14
23
-1 (base 5) to base 2
-1
What is 1c (base 14) in base 15?
1b
-140 (base 7) to base 10
-77
What is 304 (base 5) in base 15?
54
22 (base 9) to base 14
16
Convert -100 (base 2) to base 3.
-11
What is 15 (base 16) in base 7?
30
What is 4 (base 16) in base 11?
4
Convert -3 (base 12) to base 13.
-3
31 (base 8) to base 7
34
-10 (base 8) to base 11
-8
Convert -48 (base 10) to base 15.
-33
-130 (base 5) to base 13
-31
Convert 5 (base 9) to base 7.
5
22 (base 10) to base 5
42
What is -120 (base 3) in base 8?
-17
Convert -86 (base 11) to base 6.
-234
Convert 2112 (base 4) to base 15.
a0
Convert 37 (base 14) to base 3.
1211
Convert 36 (base 8) to base 4.
132
3 (base 6) to base 16
3
2 (base 11) to base 6
2
Convert -1 (base 4) to base 3.
-1
What is -11 (base 3) in base 6?
-4
-2 (base 16) to base 6
-2
Convert 100 (base 4) to base 16.
10
Convert 0 (base 9) to base 15.
0
Convert -6 (base 13) to base 11.
-6
44 (base 6) to base 7
40
Convert -24 (base 10) to base 3.
-220
What is -10011 (base 2) in base 5?
-34
What is -85 (base 11) in base 2?
-1011101
What is -b (base 14) in base 6?
-15
Convert 2 (base 14) to base 12.
2
What is -4 (base 8) in base 13?
-4
11 (base 13) to base 8
16
Convert 4 (base 8) to base 3.
11
Convert -1 (base 14) to base 10.
-1
What is 9 (base 12) in base 4?
21
What is 0 (base 8) in base 13?
0
What is -13 (base 4) in base 10?
-7
-130 (base 7) to base 12
-5a
Convert 64 (base 10) to base 11.
59
What is 10033 (base 4) in base 9?
331
Convert -24 (base 6) to base 12.
-14
Convert -1000100 (base 2) to base 11.
-62
Convert 1f (base 16) to base 3.
1011
Convert 1 (base 3) to base 11.
1
What is 2 (base 7) in base 8?
2
Convert b (base 13) to base 6.
15
Convert -5 (base 10) to base 15.
-5
What is 4 (base 15) in base 12?
4
What is -90 (base 13) in base 14?
-85
What is -93 (base 11) in base 4?
-1212
-2 (base 5) to base 12
-2
What is 1b (base 15) in base 8?
32
What is a7 (base 13) in base 7?
254
Convert -3b (base 12) to base 15.
-32
What is -47 (base 8) in base 10?
-39
What is 31 (base 8) in base 9?
27
Convert -228 (base 9) to base 15.
-c8
-100000 (base 2) to base 16
-20
73 (base 8) to base 14
43
Convert -12 (base 7) to base 16.
-9
Convert 17 (base 14) to base 15.
16
What is -13 (base 4) in base 3?
-21
1 (base 8) to base 9
1
Convert -12 (base 10) to base 14.
-c
What is -2013 (base 4) in base 7?
-252
-50 (base 9) to base 6
-113
3 (base 7) to base 12
3
-d5 (base 15) to base 5
-1300
-174 (base 8) to base 10
-124
What is 100 (base 2) in base 9?
4
1003 (base 5) to base 16
80
What is -202 (base 3) in base 5?
-40
Convert -11100 (base 2) to base 16.
-1c
-37 (base 12) to base 6
-111
What is -1 (base 13) in base 5?
-1
What is -5 (base 13) in base 9?
-5
Convert -71 (base 12) to base 6.
-221
101 (base 2) to base 13
5
Convert -12 (base 3) to base 10.
-5
-5 (base 15) to base 11
-5
47 (base 9) to base 4
223
Convert 169 (base 11) to base 4.
3010
Convert -6 (base 9) to base 5.
-11
What is 11 (base 2) in base 5?
3
4 (base 8) to base 5
4
What is -31 (base 10) in base 13?
-25
Convert -330 (base 4) to base 6.
-140
44 (base 10) to base 9
48
-6 (base 9) to base 12
-6
What is 11 (base 8) in base 2?
1001
Convert -5 (base 10) to base 2.
-101
-f0 (base 16) to base 13
-156
What is 11 (base 9) in base 3?
101
What is 22 (base 3) in base 15?
8
-85 (base 16) to base 5
-1013
1f (base 16) to base 9
34
Convert 222 (base 3) to base 9.
28
1332 (base 4) to base 7
240
What is 162 (base 9) in base 4?
2021
What is -6 (base 14) in base 9?
-6
What is -25 (base 8) in base 15?
-16
What is 13 (base 9) in base 10?
12
What is -5 (base 12) in base 10?
-5
Convert 1 (base 2) to base 14.
1
-41 (base 7) to base 14
-21
2 (base 5) to base 11
2
Convert 88 (base 12) to base 7.
206
What is -80 (base 12) in base 9?
-116
-20 (base 7) to base 5
-24
-45 (base 13) to base 11
-52
What is -2 (base 7) in base 6?
-2
0 (base 6) to base 4
0
What is -22 (base 8) in base 5?
-33
What is -45 (base 16) in base 12?
-59
Convert -2 (base 5) to base 8.
-2
What is -15 (base 15) in base 8?
-24
Convert 1202 (base 3) to base 2.
101111
What is 47 (base 8) in base 6?
103
5a (base 13) to base 16
4b
29 (base 11) to base 7
43
Convert -215 (base 6) to base 15.
-58
Convert 101 (base 5) to base 6.
42
10 (base 15) to base 2
1111
What is 66 (base 9) in base 5?
220
Convert 123 (base 7) to base 6.
150
What is -1012 (base 3) in base 8?
-40
Convert 407 (base 9) to base 14.
199
Convert 112 (base 5) to base 16.
20
What is -bb (base 16) in base 5?
-1222
-4 (base 11) to base 12
-4
-1 (base 3) to base 10
-1
What is 7 (base 15) in base 4?
13
-51 (base 11) to base 12
-48
-61 (base 7) to base 8
-53
-12 (base 5) to base 15
-7
Convert -c (base 15) to base 16.
-c
Convert -b (base 14) to base 8.
-13
-1 (base 11) to base 6
-1
What is -212 (base 5) in base 9?
-63
54 (base 7) to base 16
27
What is -2 (base 4) in base 16?
-2
What is 1d (base 15) in base 2?
11100
-100 (base 2) to base 7
-4
-1 (base 3) to base 2
-1
What is -10 (base 2) in base 12?
-2
What is -2 (base 6) in base 13?
-2
Convert 3 (base 5) to base 3.
10
What is 0 (base 11) in base 12?
0
What is -346 (base 8) in base 4?
-3212
Convert -9 (base 12) to base 5.
-14
What is 3 (base 14) in base 4?
3
Convert -1 (base 16) to base 13.
-1
What is 121 (base 9) in base 2?
1100100
Convert -10 (base 9) to base 15.
-9
-3 (base 15) to base 9
-3
Convert -200 (base 3) to base 7.
-24
2